-13110061
In base 16, what is 28b - ee9?
-c5e
In base 12, what is -39 + 1114b?
11112
In base 16, what is c - 0?
c
In base 2, what is 1000110 - 100101111?
-11101001
In base 6, what is 344355 - -21?
344420
In base 12, what is -5b6 + -4?
-5ba
In base 11, what is -45a8 - 2?
-45aa
In base 8, what is 1536 + 21?
1557
In base 12, what is -4 + 184a2?
1849a
In base 9, what is -7378 - -27?
-7351
In base 7, what is -2 - 13043?
-13045
In base 8, what is -2411370 + 2?
-2411366
In base 4, what is -31231303 - 10?
-31231313
In base 10, what is 15 + 373?
388
In base 7, what is -12325 - 5?
-12333
In base 3, what is 12011 + -10121210?
-10102122
In base 4, what is -22312310 - -2?
-22312302
In base 5, what is 13342 + -3041?
10301
In base 5, what is 21124 + -121?
21003
In base 14, what is 45d - 5a?
403
In base 15, what is 16bd - -c?
16ca
In base 4, what is 11 - 121330?
-121313
In base 11, what is 3 - -151907?
15190a
In base 4, what is 2203 - 21300?
-13031
In base 16, what is f5 + 39d?
492
In base 7, what is -16643 + -23?
-16666
In base 9, what is -602206 - 1?
-602207
In base 12, what is -17ba1 + 5?
-17b98
In base 15, what is 3cb + ba?
496
In base 9, what is 13 + 10360?
10373
In base 7, what is 2130154 - 5?
2130146
In base 3, what is -1201120 - 211?
-1202101
In base 16, what is -120ce + 8?
-120c6
In base 6, what is -4322102 - 1?
-4322103
In base 10, what is -463 + -829?
-1292
In base 4, what is 31132 + 21?
31213
In base 15, what is 1 - -13633?
13634
In base 6, what is -1452 + 311?
-1141
In base 9, what is -1278 + 3?
-1275
In base 4, what is -2022 + 1102030?
1100002
In base 3, what is 10 + 1210001020012?
1210001020022
In base 8, what is 5 - 1164735?
-1164730
In base 7, what is 362215 - 4?
362211
In base 12, what is 16 - -1484?
149a
In base 5, what is 1421 + -44242?
-42321
In base 13, what is 7c + -bc?
-40
In base 14, what is 4 + -761dc?
-761d8
In base 13, what is 5 - -8a43?
8a48
In base 13, what is 97c - 14?
968
In base 14, what is 343 + 6d?
3b2
In base 11, what is 90980 + 7?
90987
In base 12, what is -7 - -9b93?
9b88
In base 4, what is 0 + 1032310?
1032310
In base 9, what is 23 - -41251?
41274
In base 11, what is -3355 + 6?
-334a
In base 2, what is 10000 + -10101100010?
-10101010010
In base 12, what is -6b - -3377?
3308
In base 10, what is -5699 + -9?
-5708
In base 15, what is 4228 - 10?
4218
In base 16, what is -13155 - -6?
-1314f
In base 13, what is -729c7 - b?
-72a05
In base 9, what is -3226 - -44?
-3172
In base 8, what is -10400314 + -1?
-10400315
In base 14, what is -3b1 - 56?
-427
In base 11, what is 62 - 372?
-310
In base 15, what is 617 + -e?
608
In base 6, what is -22 - 513241?
-513303
In base 13, what is 198502 + -5?
1984ca
In base 7, what is 12020 + -11?
12006
In base 10, what is 906 + 115?
1021
In base 7, what is 10130126 + -3?
10130123
In base 6, what is 205432354 + 4?
205432402
In base 12, what is 0 - -7542?
7542
In base 15, what is 25c - -401?
65d
In base 5, what is -24 + -133001?
-133030
In base 9, what is -21 - -3843?
3822
In base 11, what is -2 - 6107?
-6109
In base 5, what is 4 + 230202?
230211
In base 5, what is 22010 + -1042?
20413
In base 11, what is 1060 - -27?
1087
In base 6, what is -215 - 1124?
-1343
In base 10, what is -4 + -11698?
-11702
In base 2, what is -11 + -11100101010110?
-11100101011001
In base 5, what is 14 - 10223?
-10204
In base 8, what is -353454 - -55?
-353377
In base 5, what is -2222101 + -23?
-2222124
In base 2, what is 1111011001100 - 101?
1111011000111
In base 6, what is 0 + 125130?
125130
In base 13, what is -21b - -1a2?
-49
In base 5, what is -2202 + 4214?
2012
In base 7, what is 26 - -34024?
34053
In base 14, what is 77b4 + 0?
77b4
In base 7, what is -2236 - -4524?
2255
In base 2, what is 1110000001101011000 + -101?
1110000001101010011
In base 6, what is -10353110 + -12?
-10353122
In base 6, what is 103042 - 1252?
101350
In base 6, what is -15320 - 11?
-15331
In base 3, what is -10101122001 - 102?
-10101122110
In base 3, what is 1210020201112 - -2?
1210020201121
In base 2, what is -1011110001001 - -10001?
-1011101111000
In base 4, what is -12311 - 2033?
-21010
In base 3, what is -10212001121 + 12?
-10212001102
In base 12, what is 534 + 16?
54a
In base 6, what is 542245 + -30?
542215
In base 16, what is -2 + -135ef?
-135f1
In base 8, what is -202 - -1221?
1017
In base 14, what is -46d523 + -1?
-46d524
In base 4, what is 22 + 1330012?
1330100
In base 8, what is -1 - 1362607?
-1362610
In base 5, what is -10 - -3342334?
3342324
In base 8, what is -54 - 3402?
-3456
In base 8, what is 74357 - -14?
74373
In base 13, what is 13c - -22c?
36b
In base 7, what is -4 - 6632023?
-6632030
In base 11, what is 162253 + -5?
162249
In base 14, what is -23 + 1c231?
1c20c
In base 4, what is -11 - 3202111212?
-3202111223
In base 2, what is 1 - -10000000000011110100?
10000000000011110101
In base 7, what is 502 + -2226?
-1424
In base 2, what is -1001010000100011110010 - -100?
-1001010000100011101110
In base 14, what is -9 + a5969?
a5960
In base 15, what is 8c - -52a?
5b7
In base 6, what is -1 + -134025?
-134030
In base 6, what is 53540 + -5?
53531
In base 4, what is 2 + -13322223?
-13322221
In base 7, what is -52 - 13525?
-13610
In base 5, what is -214223312 + 4?
-214223303
In base 3, what is -1100020010 + 102?
-1100012201
In base 4, what is 1101 - -1210331?
1212032
In base 6, what is -4504 + 1051?
-3413
In base 6, what is -15 - 303325?
-303344
In base 3, what is 12 - -1022001220121?
1022001220210
In base 6, what is -2 + -13553020?
-13553022
In base 5, what is -1232 - -421?
-311
In base 6, what is -2343141 + 22?
-2343115
In base 7, what is -343 + -46?
-422
In base 7, what is -3350045 - 1?
-3350046
In base 15, what is 82 + -785d?
-77cb
In base 8, what is 112 + 60456?
60570
In base 15, what is -79 - 72ed?
-7377
In base 9, what is 666 + -8?
657
In base 7, what is 1166 - -100?
1266
In base 14, what is d6 - 187?
-91
In base 10, what is -97829 - 2?
-97831
In base 2, what is -101000000101111 + -11?
-101000000110010
In base 15, what is -27 + 1b27?
1b00
In base 9, what is 1 + -10538?
-10537
In base 7, what is 3 + -235124?
-235121
In base 15, what is 233 + -d1?
152
In base 10, what is -1258666 + 5?
-1258661
In base 9, what is 6086 - 117?
5868
In base 5, what is -1104 + -244?
-1403
In base 16, what is 5 + -1398?
-1393
In base 9, what is 5523 - -3?
5526
In base 11, what is 9 + -11243?
-11235
In base 11, what is -48 + -167?
-204
In base 7, what is -15 - -101051?
101033
In base 11, what is -38571 + 5?
-38567
In base 13, what is -3 + -15a732?
-15a735
In base 15, what is e2 - -a?
ec
In base 10, what is 3106 - -12?
3118
In base 9, what is 14110 + 6?
14116
In base 12, what is 2 + -326730?
-32672a
In base 10, what is 9 + -531?
-522
In base 11, what is -621 + -324?
-945
In base 12, what is -15a6 + 0?
-15a6
In base 15, what is -2b97 + -5b?
-2c03
In base 15, what is -7 - 9b2?
-9b9
In base 11, what is 17952 - -7?
17959
In base 14, what is 98460 + 0?
98460
In base 4, what is 12102 + -10?
12032
In base 2, what is 1100111000000 + -10?
1100110111110
In base 16, what is -149 + -132?
-27b
In base 9, what is 124215 + 3?
124218
In base 9, what is -3 + 155125?
155122
In base 16, what is 2 - -2667e?
26680
In base 3, what is -11012001010 + 12?
-11012000221
In base 7, what is -260 + -102352?
-102642
In base 5, what is 142 + 14211?
14403
In base 3, what is 2021100011 - 2?
2021100002
In base 9, what is 545476 - 0?
545476
In base 16, what is ea + -1ade?
-19f4
In base 16, what is -7ae + -a57?
-1205
In base 11, what is -207938 - 5?
-207942
In base 5, what is -21 + -10202314?
-10202340
In base 9, what is -4 - 1453410?
-1453414
In base 9, what is -480 - -36?
-443
In base 12, what is 597a - -58?
5a16
In base 9, what is 418 + -12?
406
In base 5, what is 4 - 243140402?
-243140343
In base 14, what is 200 - -15?
215
In base 13, what is 317 - -9?
323
In base 15, what is 2 - 50b44?
-50b42
In base 4, what is -231310 + -103?
-232013
In base 8, what is -20534 - -166?
-20346
In base 8, what is 460 + -10432?
-7752
In base 16, what is -2 + 6bf19?
6bf17
In base 7, what is -45466 + 365?
-45101
In base 9, what is 8 + -2145?
-2136
In base 6, what is -2 - -1045411?
1045405
In base 12, what is -2 - -1b3?
1b1
In base 6, what is 220 + -411032?
-410412
In base 2, what is -101100111101011 + -10100?
-10